{"id":125,"date":"2016-09-25T19:02:28","date_gmt":"2016-09-25T19:02:28","guid":{"rendered":"http:\/\/www.ol-pers.se\/?page_id=125"},"modified":"2016-09-25T19:05:22","modified_gmt":"2016-09-25T19:05:22","slug":"summering","status":"publish","type":"page","link":"https:\/\/www.ol-pers.se\/?page_id=125","title":{"rendered":"Summering"},"content":{"rendered":"<div id=\"fb_share_1\" style=\"float: right; margin-left: 10px;\"><a name=\"fb_share\" type=\"box_count\" share_url=\"https:\/\/www.ol-pers.se\/?page_id=125\" href=\"http:\/\/www.facebook.com\/sharer.php\">Share<\/a><\/div><div><script src=\"http:\/\/static.ak.fbcdn.net\/connect.php\/js\/FB.Share\" type=\"text\/javascript\"><\/script><\/div><p><strong>T\u00e4nk vad mycket vi hann med under de tre dagar vi hade v\u00e5r sl\u00e4kttr\u00e4ff.<\/strong><\/p>\n<p><strong>TORSDAG\u00a07 JULI<\/strong><\/p>\n<p>Vi b\u00f6rjade med en liten smygstart p\u00e5 torsdagen med<strong>\u00a0Tunnbr\u00f6dsbakning och Caf\u00e9 <\/strong>p\u00e5 Ny\u00e5kra. Det var\u00a0fullbokat i bakstugan och &#8221;bakstrer&#8221; och &#8221;gr\u00e4ddare&#8221; bytte av varandra i en faslig fart. M\u00e5nga ville f\u00f6rs\u00f6ka och de lyckades till och med f\u00e5 till glutenfritt tunnbr\u00f6d. Stig och Cecilia B\u00e4ckstr\u00f6m kom ner en liten sv\u00e4ngt till bakstugan och spelade &#8211; vilken fr\u00f6jd.<\/p>\n<p>Samtidigt var det <strong>caf\u00e9<\/strong> p\u00e5 v\u00e5ningen ovanf\u00f6r d\u00e4r Kerstin Essmar och Birgitta Fjellstr\u00f6m serverade stutar och kaffe i ett rasande tempo. H\u00e4r blev det ocks\u00e5 musik n\u00e4r Cecilia och Stig kom till kaf\u00e9et.<\/p>\n<p>Sedan fortsatte vi med<strong> Ber\u00e4ttarkv\u00e4ll i Ol-Pers <\/strong>d\u00e4r n\u00b4Filip i Kalles ber\u00e4ttade alla m\u00f6jliga ber\u00e4ttelser om Ol-Perssl\u00e4kten och en hel del andra ocks\u00e5. Det var lite sm\u00e5ruggigt v\u00e4der men ett t\u00e4lt och drygt 50 personer lyckades utan problem v\u00e4rma upp den ljusa J\u00e4mtlandskv\u00e4llen.\u00a0<strong><br \/>\n<\/strong><\/p>\n<p><strong>FREDAG 8 JULI<\/strong><\/p>\n<p>P\u00e5 fredagen vid lunchtid hade vi ett<strong> Musikkryss med genuint\u00a0krus-kalas<\/strong>. V\u00e4dret var makal\u00f6st fint och det dracks m\u00e5nga liter kaffe ur de sm\u00e5 porslinskopparna och det doppades hela 14 sorters &#8221;krus&#8221; (j\u00e4mtska f\u00f6r kakor). Det var mer \u00e4n 80 personer som letade sig till Ol-Pers och alla\u00a0fick lite att bita i n\u00e4r Erik Englund k\u00f6rde ig\u00e5ng ett J\u00e4mtl\u00e4ndskt musikkryss.\u00a0<strong><br \/>\n<\/strong><\/p>\n<p>P\u00e5 kv\u00e4llen var det<strong> Notdragning nedanf\u00f6r &#8221;Kalles&#8221;. <\/strong>Det var Bo-G\u00f6ran Karlsson, Per och Gunnar Fjellstr\u00f6m som h\u00f6ll i taktpinnen och det f\u00e5ngades v\u00e4ldigt m\u00e5nga fiskar som sedan fick sluta sina dagar p\u00e5 grillen. V\u00e4dret var helt makal\u00f6st och t o m myggen l\u00e4t s\u00e4llskapet vara i fred. \u00a0<strong><br \/>\n<\/strong><\/p>\n<p><strong>L\u00d6RDAG 9 JULI<\/strong><\/p>\n<p>Vid lunchtid gjordes ett<strong> Bes\u00f6k vid Ol-Persagraven <\/strong>d\u00e4r man tillsammans med Kerstin Essmar och Birgitta Fjellstr\u00f6m fick minnas v\u00e5ra anf\u00e4der med blommor och lite tankar.<\/p>\n<p>Dagen fortsatte med<strong> gruppfotografering framf\u00f6r Ol-Pers<\/strong> innan vi f\u00f6rflyttade oss till <strong>Vigge Bygdeg\u00e5rd f\u00f6r festligheter.<\/strong> Under kv\u00e4llen var det m\u00e5nga\u00a0olika aktiviteter. Redan n\u00e4r alla anl\u00e4nde s\u00e5 spelade Bo Kronlund och Ola R\u00f6rborn visor av Alfred R\u00f6nnqvist, detta fortsatte de ocks\u00e5 med lite senare under kv\u00e4llen. \u00c4ven M\u00e5rt\u00e9ns framf\u00f6rde en fantastisk s\u00e5ng under kv\u00e4llen. Barnen fick god passning av Anita Andersson med barn och\u00a0Rikard och Erika\u00a0tog hand om k\u00f6ket. Vi \u00e5t mat som Handlar\u00b4n i Dv\u00e4rs\u00e4tt gjort och efterr\u00e4tten bestod av en helt otrolig glass fr\u00e5n Kossans Mejeri i Hoverberg.<\/p>\n<p><em><strong>Fram emot 2-tiden p\u00e5 natten s\u00e5 hj\u00e4lpte vi de allra sista dansarna bort\u00a0fr\u00e5n\u00a0dansgolvet och f\u00f6ste ut dem i den ljuva julinatten. F\u00f6r oss som ordnat var det med v\u00e4ldigt l\u00e4tta steg, trots lite \u00f6mma f\u00f6tter, som vi travade hem\u00e5t, vi skrattade och sm\u00e5pratade och det k\u00e4ndes som att vi var v\u00e4ldigt n\u00f6jda med dagarna som g\u00e5tt. <\/strong><\/em><\/p>\n<p><em><strong>S\u00e5 ett stort tack till er alla som bidragit!!\u00a0<\/strong><\/em><\/p>\n<p><strong>\u00a0<\/strong><\/p>\n","protected":false},"excerpt":{"rendered":"<p>ShareT\u00e4nk vad mycket vi hann med under de tre dagar vi hade v\u00e5r sl\u00e4kttr\u00e4ff. TORSDAG\u00a07 JULI Vi b\u00f6rjade med en liten smygstart p\u00e5 torsdagen med\u00a0Tunnbr\u00f6dsbakning och Caf\u00e9 p\u00e5 Ny\u00e5kra. Det var\u00a0fullbokat i bakstugan och &#8221;bakstrer&#8221; och &#8221;gr\u00e4ddare&#8221; bytte av varandra<span class=\"ellipsis\">&hellip;<\/span><\/p>\n<div class=\"read-more\"><a href=\"https:\/\/www.ol-pers.se\/?page_id=125\">L\u00e4s mer &#8250;<\/a><\/div>\n<p><!-- end of .read-more --><\/p>\n","protected":false},"author":3,"featured_media":0,"parent":0,"menu_order":0,"comment_status":"closed","ping_status":"closed","template":"full-width-page.php","meta":[],"_links":{"self":[{"href":"https:\/\/www.ol-pers.se\/index.php?rest_route=\/wp\/v2\/pages\/125"}],"collection":[{"href":"https:\/\/www.ol-pers.se\/index.php?rest_route=\/wp\/v2\/pages"}],"about":[{"href":"https:\/\/www.ol-pers.se\/index.php?rest_route=\/wp\/v2\/types\/page"}],"author":[{"embeddable":true,"href":"https:\/\/www.ol-pers.se\/index.php?rest_route=\/wp\/v2\/users\/3"}],"replies":[{"embeddable":true,"href":"https:\/\/www.ol-pers.se\/index.php?rest_route=%2Fwp%2Fv2%2Fcomments&post=125"}],"version-history":[{"count":4,"href":"https:\/\/www.ol-pers.se\/index.php?rest_route=\/wp\/v2\/pages\/125\/revisions"}],"predecessor-version":[{"id":129,"href":"https:\/\/www.ol-pers.se\/index.php?rest_route=\/wp\/v2\/pages\/125\/revisions\/129"}],"wp:attachment":[{"href":"https:\/\/www.ol-pers.se\/index.php?rest_route=%2Fwp%2Fv2%2Fmedia&parent=125"}],"curies":[{"name":"wp","href":"https:\/\/api.w.org\/{rel}","templated":true}]}}